{"id":1031,"date":"2025-03-19T08:10:12","date_gmt":"2025-03-19T12:10:12","guid":{"rendered":"https:\/\/www.moiaussijemange.ca\/?page_id=1031"},"modified":"2025-05-22T08:33:41","modified_gmt":"2025-05-22T12:33:41","slug":"livre-de-recettes","status":"publish","type":"page","link":"https:\/\/www.moiaussijemange.ca\/?page_id=1031","title":{"rendered":"Livre de Recettes"},"content":{"rendered":"<h3 style=\"text-align: center;\"><strong>Aper\u00e7u de mon livre<\/strong><\/h3>\n<h5><div class=\"real3dflipbook\" id=\"0_69e37367bfeb7\" style=\"position:absolute;\"><\/div><\/h5>\n<p><!--StartFragment --><\/p>\n<p>Mon livre<a href=\"https:\/\/www.moiaussijemange.ca\/?page_id=2097\"> <em>Moi aussi je mange<\/em>\u00a0<\/a> est un ouvrage culinaire con\u00e7u pour les personnes dysphagiques, c&rsquo;est-\u00e0-dire celles qui ont des difficult\u00e9s \u00e0 avaler.<\/p>\n<p>Il propose <strong>30 recettes adapt\u00e9es pur\u00e9e<\/strong>, allant des d\u00e9jeuners aux desserts, permettant \u00e0 ces personnes de savourer des repas agr\u00e9ables et bien pr\u00e9sent\u00e9s.<\/p>\n<p>L&rsquo;id\u00e9e derri\u00e8re ce livre est de rendre l&rsquo;alimentation plus accessible et plaisante malgr\u00e9 les contraintes m\u00e9dicales.<\/p>\n<p>Toutes<a href=\"https:\/\/www.moiaussijemange.ca\/?page_id=2097\"> les recettes de mon livre<\/a> sont simples \u00e0 r\u00e9aliser.<\/p>\n<p>Revenez d\u00e9couvrir de nouvelles inspirations culinaires ou procurez-vous mon livre pour encore plus de d\u00e9licieuses id\u00e9es<\/p>\n<p>&nbsp;<\/p>\n<p><strong>Vous pouvez commander mon livre directement sur la page <a href=\"https:\/\/www.moiaussijemange.ca\/?page_id=2097\">Commandez un livre<\/a><\/strong><\/p>\n<p><!--EndFragment --><\/p>\n<p>&nbsp;<\/p>\n<h4><img loading=\"lazy\" decoding=\"async\" class=\"size-medium wp-image-1645 aligncenter\" src=\"https:\/\/www.moiaussijemange.ca\/wp-content\/uploads\/2025\/04\/UNE-PAGE-MOI-JE-MANGE-20-SEPTEMBRE-1-300x232.jpg\" alt=\"\" width=\"300\" height=\"232\" srcset=\"https:\/\/www.moiaussijemange.ca\/wp-content\/uploads\/2025\/04\/UNE-PAGE-MOI-JE-MANGE-20-SEPTEMBRE-1-300x232.jpg 300w, https:\/\/www.moiaussijemange.ca\/wp-content\/uploads\/2025\/04\/UNE-PAGE-MOI-JE-MANGE-20-SEPTEMBRE-1-1024x792.jpg 1024w, https:\/\/www.moiaussijemange.ca\/wp-content\/uploads\/2025\/04\/UNE-PAGE-MOI-JE-MANGE-20-SEPTEMBRE-1-768x594.jpg 768w, https:\/\/www.moiaussijemange.ca\/wp-content\/uploads\/2025\/04\/UNE-PAGE-MOI-JE-MANGE-20-SEPTEMBRE-1-1536x1188.jpg 1536w, https:\/\/www.moiaussijemange.ca\/wp-content\/uploads\/2025\/04\/UNE-PAGE-MOI-JE-MANGE-20-SEPTEMBRE-1-2048x1583.jpg 2048w, https:\/\/www.moiaussijemange.ca\/wp-content\/uploads\/2025\/04\/UNE-PAGE-MOI-JE-MANGE-20-SEPTEMBRE-1-1140x881.jpg 1140w\" sizes=\"auto, (max-width: 300px) 100vw, 300px\" \/><\/h4>\n<h4><img loading=\"lazy\" decoding=\"async\" class=\"size-medium wp-image-1017 aligncenter\" src=\"https:\/\/www.moiaussijemange.ca\/wp-content\/uploads\/2025\/03\/iconelogo-300x80.png\" alt=\"\" width=\"300\" height=\"80\" srcset=\"https:\/\/www.moiaussijemange.ca\/wp-content\/uploads\/2025\/03\/iconelogo-300x80.png 300w, https:\/\/www.moiaussijemange.ca\/wp-content\/uploads\/2025\/03\/iconelogo-768x204.png 768w, https:\/\/www.moiaussijemange.ca\/wp-content\/uploads\/2025\/03\/iconelogo.png 982w\" sizes=\"auto, (max-width: 300px) 100vw, 300px\" \/><\/h4>\n","protected":false},"excerpt":{"rendered":"<p>Aper\u00e7u de mon livre Mon livre Moi aussi je mange\u00a0 est un ouvrage culinaire con\u00e7u pour les personnes dysphagiques, c&rsquo;est-\u00e0-dire celles qui ont des difficult\u00e9s \u00e0 avaler. Il propose 30 recettes adapt\u00e9es pur\u00e9e, allant des d\u00e9jeuners aux desserts, permettant \u00e0 ces personnes de savourer des repas agr\u00e9ables et bien pr\u00e9sent\u00e9s. L&rsquo;id\u00e9e derri\u00e8re ce livre est<span class=\"excerpt-ellipsis\">&#8230;<\/span><\/p>\n<p><a class=\"more-link\" href=\"https:\/\/www.moiaussijemange.ca\/?page_id=1031\" itemprop=\"url\">Continue Reading<\/a><\/p>\n","protected":false},"author":1,"featured_media":0,"parent":0,"menu_order":0,"comment_status":"closed","ping_status":"closed","template":"","meta":{"footnotes":""},"class_list":["post-1031","page","type-page","status-publish","hentry"],"yoast_head":"<!-- This site is optimized with the Yoast SEO Premium plugin v27.3 (Yoast SEO v27.3) - https:\/\/yoast.com\/product\/yoast-seo-premium-wordpress\/ -->\n<title>Recette pur\u00e9e pour personnes dysphagiques<\/title>\n<meta name=\"description\" content=\"Avec la recette pur\u00e9e, faites plaisir \u00e0 ceux qui ont des contraintes alimentaires. Des id\u00e9es simples et savoureuses vous attendent.\" \/>\n<meta name=\"robots\" content=\"index, follow, max-snippet:-1, max-image-preview:large, max-video-preview:-1\" \/>\n<link rel=\"canonical\" href=\"https:\/\/www.moiaussijemange.ca\/?page_id=1031\" \/>\n<meta property=\"og:locale\" content=\"fr_FR\" \/>\n<meta property=\"og:type\" content=\"article\" \/>\n<meta property=\"og:title\" content=\"Livre de Recettes\" \/>\n<meta property=\"og:description\" content=\"Avec la recette pur\u00e9e, faites plaisir \u00e0 ceux qui ont des contraintes alimentaires. Des id\u00e9es simples et savoureuses vous attendent.\" \/>\n<meta property=\"og:url\" content=\"https:\/\/www.moiaussijemange.ca\/?page_id=1031\" \/>\n<meta property=\"article:modified_time\" content=\"2025-05-22T12:33:41+00:00\" \/>\n<meta property=\"og:image\" content=\"https:\/\/www.moiaussijemange.ca\/wp-content\/uploads\/2025\/04\/UNE-PAGE-MOI-JE-MANGE-20-SEPTEMBRE-1.jpg\" \/>\n\t<meta property=\"og:image:width\" content=\"2354\" \/>\n\t<meta property=\"og:image:height\" content=\"1820\" \/>\n\t<meta property=\"og:image:type\" content=\"image\/jpeg\" \/>\n<meta name=\"twitter:card\" content=\"summary_large_image\" \/>\n<meta name=\"twitter:label1\" content=\"Dur\u00e9e de lecture estim\u00e9e\" \/>\n\t<meta name=\"twitter:data1\" content=\"1 minute\" \/>\n<script type=\"application\/ld+json\" class=\"yoast-schema-graph\">{\"@context\":\"https:\\\/\\\/schema.org\",\"@graph\":[{\"@type\":\"WebPage\",\"@id\":\"https:\\\/\\\/www.moiaussijemange.ca\\\/?page_id=1031\",\"url\":\"https:\\\/\\\/www.moiaussijemange.ca\\\/?page_id=1031\",\"name\":\"Recette pur\u00e9e pour personnes dysphagiques\",\"isPartOf\":{\"@id\":\"https:\\\/\\\/www.moiaussijemange.ca\\\/#website\"},\"primaryImageOfPage\":{\"@id\":\"https:\\\/\\\/www.moiaussijemange.ca\\\/?page_id=1031#primaryimage\"},\"image\":{\"@id\":\"https:\\\/\\\/www.moiaussijemange.ca\\\/?page_id=1031#primaryimage\"},\"thumbnailUrl\":\"https:\\\/\\\/www.moiaussijemange.ca\\\/wp-content\\\/uploads\\\/2025\\\/04\\\/UNE-PAGE-MOI-JE-MANGE-20-SEPTEMBRE-1-300x232.jpg\",\"datePublished\":\"2025-03-19T12:10:12+00:00\",\"dateModified\":\"2025-05-22T12:33:41+00:00\",\"description\":\"Avec la recette pur\u00e9e, faites plaisir \u00e0 ceux qui ont des contraintes alimentaires. Des id\u00e9es simples et savoureuses vous attendent.\",\"breadcrumb\":{\"@id\":\"https:\\\/\\\/www.moiaussijemange.ca\\\/?page_id=1031#breadcrumb\"},\"inLanguage\":\"fr-FR\",\"potentialAction\":[{\"@type\":\"ReadAction\",\"target\":[\"https:\\\/\\\/www.moiaussijemange.ca\\\/?page_id=1031\"]}]},{\"@type\":\"ImageObject\",\"inLanguage\":\"fr-FR\",\"@id\":\"https:\\\/\\\/www.moiaussijemange.ca\\\/?page_id=1031#primaryimage\",\"url\":\"https:\\\/\\\/www.moiaussijemange.ca\\\/wp-content\\\/uploads\\\/2025\\\/04\\\/UNE-PAGE-MOI-JE-MANGE-20-SEPTEMBRE-1.jpg\",\"contentUrl\":\"https:\\\/\\\/www.moiaussijemange.ca\\\/wp-content\\\/uploads\\\/2025\\\/04\\\/UNE-PAGE-MOI-JE-MANGE-20-SEPTEMBRE-1.jpg\",\"width\":2354,\"height\":1820},{\"@type\":\"BreadcrumbList\",\"@id\":\"https:\\\/\\\/www.moiaussijemange.ca\\\/?page_id=1031#breadcrumb\",\"itemListElement\":[{\"@type\":\"ListItem\",\"position\":1,\"name\":\"Home\",\"item\":\"https:\\\/\\\/www.moiaussijemange.ca\\\/\"},{\"@type\":\"ListItem\",\"position\":2,\"name\":\"Livre de Recettes\"}]},{\"@type\":\"WebSite\",\"@id\":\"https:\\\/\\\/www.moiaussijemange.ca\\\/#website\",\"url\":\"https:\\\/\\\/www.moiaussijemange.ca\\\/\",\"name\":\"Moi aussi je mange !\",\"description\":\"ON MANGE D&#039;ABORD AVEC LES YEUX !                                WE EAT FIRST WITH THE EYES !\",\"publisher\":{\"@id\":\"https:\\\/\\\/www.moiaussijemange.ca\\\/#\\\/schema\\\/person\\\/0368c0e0e931835f5151fe07fa2703e1\"},\"potentialAction\":[{\"@type\":\"SearchAction\",\"target\":{\"@type\":\"EntryPoint\",\"urlTemplate\":\"https:\\\/\\\/www.moiaussijemange.ca\\\/?s={search_term_string}\"},\"query-input\":{\"@type\":\"PropertyValueSpecification\",\"valueRequired\":true,\"valueName\":\"search_term_string\"}}],\"inLanguage\":\"fr-FR\"},{\"@type\":[\"Person\",\"Organization\"],\"@id\":\"https:\\\/\\\/www.moiaussijemange.ca\\\/#\\\/schema\\\/person\\\/0368c0e0e931835f5151fe07fa2703e1\",\"name\":\"France Grondin\",\"image\":{\"@type\":\"ImageObject\",\"inLanguage\":\"fr-FR\",\"@id\":\"https:\\\/\\\/www.moiaussijemange.ca\\\/wp-content\\\/uploads\\\/2025\\\/05\\\/UNE-PAGE-MOI-JE-MANGE-cover.jpg\",\"url\":\"https:\\\/\\\/www.moiaussijemange.ca\\\/wp-content\\\/uploads\\\/2025\\\/05\\\/UNE-PAGE-MOI-JE-MANGE-cover.jpg\",\"contentUrl\":\"https:\\\/\\\/www.moiaussijemange.ca\\\/wp-content\\\/uploads\\\/2025\\\/05\\\/UNE-PAGE-MOI-JE-MANGE-cover.jpg\",\"width\":2354,\"height\":1820,\"caption\":\"France Grondin\"},\"logo\":{\"@id\":\"https:\\\/\\\/www.moiaussijemange.ca\\\/wp-content\\\/uploads\\\/2025\\\/05\\\/UNE-PAGE-MOI-JE-MANGE-cover.jpg\"},\"sameAs\":[\"http:\\\/\\\/www.moiaussijemange.ca\"]}]}<\/script>\n<!-- \/ Yoast SEO Premium plugin. -->","yoast_head_json":{"title":"Recette pur\u00e9e pour personnes dysphagiques","description":"Avec la recette pur\u00e9e, faites plaisir \u00e0 ceux qui ont des contraintes alimentaires. Des id\u00e9es simples et savoureuses vous attendent.","robots":{"index":"index","follow":"follow","max-snippet":"max-snippet:-1","max-image-preview":"max-image-preview:large","max-video-preview":"max-video-preview:-1"},"canonical":"https:\/\/www.moiaussijemange.ca\/?page_id=1031","og_locale":"fr_FR","og_type":"article","og_title":"Livre de Recettes","og_description":"Avec la recette pur\u00e9e, faites plaisir \u00e0 ceux qui ont des contraintes alimentaires. Des id\u00e9es simples et savoureuses vous attendent.","og_url":"https:\/\/www.moiaussijemange.ca\/?page_id=1031","article_modified_time":"2025-05-22T12:33:41+00:00","og_image":[{"width":2354,"height":1820,"url":"https:\/\/www.moiaussijemange.ca\/wp-content\/uploads\/2025\/04\/UNE-PAGE-MOI-JE-MANGE-20-SEPTEMBRE-1.jpg","type":"image\/jpeg"}],"twitter_card":"summary_large_image","twitter_misc":{"Dur\u00e9e de lecture estim\u00e9e":"1 minute"},"schema":{"@context":"https:\/\/schema.org","@graph":[{"@type":"WebPage","@id":"https:\/\/www.moiaussijemange.ca\/?page_id=1031","url":"https:\/\/www.moiaussijemange.ca\/?page_id=1031","name":"Recette pur\u00e9e pour personnes dysphagiques","isPartOf":{"@id":"https:\/\/www.moiaussijemange.ca\/#website"},"primaryImageOfPage":{"@id":"https:\/\/www.moiaussijemange.ca\/?page_id=1031#primaryimage"},"image":{"@id":"https:\/\/www.moiaussijemange.ca\/?page_id=1031#primaryimage"},"thumbnailUrl":"https:\/\/www.moiaussijemange.ca\/wp-content\/uploads\/2025\/04\/UNE-PAGE-MOI-JE-MANGE-20-SEPTEMBRE-1-300x232.jpg","datePublished":"2025-03-19T12:10:12+00:00","dateModified":"2025-05-22T12:33:41+00:00","description":"Avec la recette pur\u00e9e, faites plaisir \u00e0 ceux qui ont des contraintes alimentaires. Des id\u00e9es simples et savoureuses vous attendent.","breadcrumb":{"@id":"https:\/\/www.moiaussijemange.ca\/?page_id=1031#breadcrumb"},"inLanguage":"fr-FR","potentialAction":[{"@type":"ReadAction","target":["https:\/\/www.moiaussijemange.ca\/?page_id=1031"]}]},{"@type":"ImageObject","inLanguage":"fr-FR","@id":"https:\/\/www.moiaussijemange.ca\/?page_id=1031#primaryimage","url":"https:\/\/www.moiaussijemange.ca\/wp-content\/uploads\/2025\/04\/UNE-PAGE-MOI-JE-MANGE-20-SEPTEMBRE-1.jpg","contentUrl":"https:\/\/www.moiaussijemange.ca\/wp-content\/uploads\/2025\/04\/UNE-PAGE-MOI-JE-MANGE-20-SEPTEMBRE-1.jpg","width":2354,"height":1820},{"@type":"BreadcrumbList","@id":"https:\/\/www.moiaussijemange.ca\/?page_id=1031#breadcrumb","itemListElement":[{"@type":"ListItem","position":1,"name":"Home","item":"https:\/\/www.moiaussijemange.ca\/"},{"@type":"ListItem","position":2,"name":"Livre de Recettes"}]},{"@type":"WebSite","@id":"https:\/\/www.moiaussijemange.ca\/#website","url":"https:\/\/www.moiaussijemange.ca\/","name":"Moi aussi je mange !","description":"ON MANGE D&#039;ABORD AVEC LES YEUX !                                WE EAT FIRST WITH THE EYES !","publisher":{"@id":"https:\/\/www.moiaussijemange.ca\/#\/schema\/person\/0368c0e0e931835f5151fe07fa2703e1"},"potentialAction":[{"@type":"SearchAction","target":{"@type":"EntryPoint","urlTemplate":"https:\/\/www.moiaussijemange.ca\/?s={search_term_string}"},"query-input":{"@type":"PropertyValueSpecification","valueRequired":true,"valueName":"search_term_string"}}],"inLanguage":"fr-FR"},{"@type":["Person","Organization"],"@id":"https:\/\/www.moiaussijemange.ca\/#\/schema\/person\/0368c0e0e931835f5151fe07fa2703e1","name":"France Grondin","image":{"@type":"ImageObject","inLanguage":"fr-FR","@id":"https:\/\/www.moiaussijemange.ca\/wp-content\/uploads\/2025\/05\/UNE-PAGE-MOI-JE-MANGE-cover.jpg","url":"https:\/\/www.moiaussijemange.ca\/wp-content\/uploads\/2025\/05\/UNE-PAGE-MOI-JE-MANGE-cover.jpg","contentUrl":"https:\/\/www.moiaussijemange.ca\/wp-content\/uploads\/2025\/05\/UNE-PAGE-MOI-JE-MANGE-cover.jpg","width":2354,"height":1820,"caption":"France Grondin"},"logo":{"@id":"https:\/\/www.moiaussijemange.ca\/wp-content\/uploads\/2025\/05\/UNE-PAGE-MOI-JE-MANGE-cover.jpg"},"sameAs":["http:\/\/www.moiaussijemange.ca"]}]}},"_links":{"self":[{"href":"https:\/\/www.moiaussijemange.ca\/index.php?rest_route=\/wp\/v2\/pages\/1031","targetHints":{"allow":["GET"]}}],"collection":[{"href":"https:\/\/www.moiaussijemange.ca\/index.php?rest_route=\/wp\/v2\/pages"}],"about":[{"href":"https:\/\/www.moiaussijemange.ca\/index.php?rest_route=\/wp\/v2\/types\/page"}],"author":[{"embeddable":true,"href":"https:\/\/www.moiaussijemange.ca\/index.php?rest_route=\/wp\/v2\/users\/1"}],"replies":[{"embeddable":true,"href":"https:\/\/www.moiaussijemange.ca\/index.php?rest_route=%2Fwp%2Fv2%2Fcomments&post=1031"}],"version-history":[{"count":31,"href":"https:\/\/www.moiaussijemange.ca\/index.php?rest_route=\/wp\/v2\/pages\/1031\/revisions"}],"predecessor-version":[{"id":2307,"href":"https:\/\/www.moiaussijemange.ca\/index.php?rest_route=\/wp\/v2\/pages\/1031\/revisions\/2307"}],"wp:attachment":[{"href":"https:\/\/www.moiaussijemange.ca\/index.php?rest_route=%2Fwp%2Fv2%2Fmedia&parent=1031"}],"curies":[{"name":"wp","href":"https:\/\/api.w.org\/{rel}","templated":true}]}}